{"id":30,"date":"2022-07-28T10:51:58","date_gmt":"2022-07-28T08:51:58","guid":{"rendered":"http:\/\/ecolemusiqueaucamville.fr\/?page_id=30"},"modified":"2026-09-03T09:45:23","modified_gmt":"2026-09-03T07:45:23","slug":"les-tarifs","status":"publish","type":"page","link":"https:\/\/ecolemusiqueaucamville.fr\/index.php\/les-tarifs\/","title":{"rendered":"Les tarifs"},"content":{"rendered":"\n[et_pb_section fb_built=\u00a0\u00bb1&Prime; _builder_version=\u00a0\u00bb4.17.6&Prime; _module_preset=\u00a0\u00bbdefault\u00a0\u00bb background_image=\u00a0\u00bbhttp:\/\/ecolemusiqueaucamville.fr\/wp-content\/uploads\/2022\/07\/hosein-zanbori-wvbOWcIDuYg-unsplash-scaled.jpg\u00a0\u00bb min_height=\u00a0\u00bb365px\u00a0\u00bb global_colors_info=\u00a0\u00bb{}\u00a0\u00bb][et_pb_row _builder_version=\u00a0\u00bb4.17.6&Prime; _module_preset=\u00a0\u00bbdefault\u00a0\u00bb custom_padding=\u00a0\u00bb4vw||||false|false\u00a0\u00bb global_colors_info=\u00a0\u00bb{}\u00a0\u00bb][et_pb_column type=\u00a0\u00bb4_4&Prime; _builder_version=\u00a0\u00bb4.17.6&Prime; _module_preset=\u00a0\u00bbdefault\u00a0\u00bb global_colors_info=\u00a0\u00bb{}\u00a0\u00bb][et_pb_text _builder_version=\u00a0\u00bb4.17.6&Prime; _module_preset=\u00a0\u00bbdefault\u00a0\u00bb header_font=\u00a0\u00bb|700||on|||||\u00a0\u00bb header_text_align=\u00a0\u00bbcenter\u00a0\u00bb header_text_color=\u00a0\u00bb#FFFFFF\u00a0\u00bb header_font_size=\u00a0\u00bb46px\u00a0\u00bb header_text_shadow_style=\u00a0\u00bbpreset3&Prime; global_colors_info=\u00a0\u00bb{}\u00a0\u00bb]<h1>Les tarifs<\/h1>[\/et_pb_text][\/et_pb_column][\/et_pb_row][\/et_pb_section][et_pb_section fb_built=\u00a0\u00bb1&Prime; _builder_version=\u00a0\u00bb4.17.6&Prime; _module_preset=\u00a0\u00bbdefault\u00a0\u00bb global_colors_info=\u00a0\u00bb{}\u00a0\u00bb][et_pb_row _builder_version=\u00a0\u00bb4.17.6&Prime; _module_preset=\u00a0\u00bbdefault\u00a0\u00bb custom_margin=\u00a0\u00bb|auto|28px|auto||\u00a0\u00bb global_colors_info=\u00a0\u00bb{}\u00a0\u00bb][et_pb_column type=\u00a0\u00bb4_4&Prime; _builder_version=\u00a0\u00bb4.17.6&Prime; _module_preset=\u00a0\u00bbdefault\u00a0\u00bb global_colors_info=\u00a0\u00bb{}\u00a0\u00bb][et_pb_text _builder_version=\u00a0\u00bb4.17.6&Prime; _module_preset=\u00a0\u00bbdefault\u00a0\u00bb text_text_color=\u00a0\u00bbgcid-53f6a71c-fadb-40f0-9a95-40dc81a1989f\u00a0\u00bb text_line_height=\u00a0\u00bb1.6em\u00a0\u00bb header_2_font=\u00a0\u00bbAlata||||||||\u00a0\u00bb header_2_text_color=\u00a0\u00bbgcid-46d41c9e-788d-4b4a-9347-e517030fd73e\u00a0\u00bb header_2_font_size=\u00a0\u00bb32px\u00a0\u00bb header_4_font=\u00a0\u00bb||||||||\u00a0\u00bb header_4_text_color=\u00a0\u00bbgcid-7126f92a-8412-4427-8e4d-cd4026bd13cc\u00a0\u00bb inline_fonts=\u00a0\u00bbDoppio One\u00a0\u00bb global_colors_info=\u00a0\u00bb{%22gcid-53f6a71c-fadb-40f0-9a95-40dc81a1989f%22:%91%22text_text_color%22%93,%22gcid-7126f92a-8412-4427-8e4d-cd4026bd13cc%22:%91%22header_4_text_color%22%93,%22gcid-46d41c9e-788d-4b4a-9347-e517030fd73e%22:%91%22header_2_text_color%22%93}\u00a0\u00bb]<p>&nbsp;<\/p>\n<p><span>L&rsquo;\u00e9cole propose \u00e9galement de prendre\u00a03\/4 h ou 1 h de cours individuel ainsi que des ateliers de pratique collective (Rock, Jazz, Vari\u00e9t\u00e9, Traditionnel, Orchestre). Merci de nous contacter pour davantage de pr\u00e9cisions et pour connaitre les tarifs.<\/span><\/p>\n<p><span><\/span><\/p>\n<p><span>L&rsquo;\u00e9cole accepte les paiements en ch\u00e8ques vacances ET LES PASS CULTURE DE LA MAIRIE D AUCAMVILLE !<\/span><\/p>\n<p><span><\/span><\/p>\n<p style=\"text-align: center;\"><span style=\"font-size: large;\"><strong>Tarifs ci dessous &#8211; cliquez sur l&rsquo;image pour obtenir le document en pdf<\/strong><\/span><span><\/span><\/p>\n<p><span><\/span><\/p>\n<p><span><\/span><\/p>[\/et_pb_text][\/et_pb_column][\/et_pb_row][et_pb_row _builder_version=\u00a0\u00bb4.17.6&Prime; _module_preset=\u00a0\u00bbdefault\u00a0\u00bb background_image=\u00a0\u00bbhttp:\/\/ecolemusiqueaucamville.fr\/wp-content\/uploads\/2026\/08\/Image-tarifs-pour-site-pge-TARIFS.png\u00a0\u00bb min_height=\u00a0\u00bb1574px\u00a0\u00bb custom_margin=\u00a0\u00bb|auto|28px|auto||\u00a0\u00bb custom_padding=\u00a0\u00bb||497px|||\u00a0\u00bb link_option_url=\u00a0\u00bbhttps:\/\/drive.google.com\/file\/d\/1JeDewgZbxxpuRMvl_nQmTyO5LnZ2oHX-\/view?usp=sharing\u00a0\u00bb global_colors_info=\u00a0\u00bb{}\u00a0\u00bb][et_pb_column type=\u00a0\u00bb4_4&Prime; _builder_version=\u00a0\u00bb4.17.6&Prime; _module_preset=\u00a0\u00bbdefault\u00a0\u00bb global_colors_info=\u00a0\u00bb{}\u00a0\u00bb][\/et_pb_column][\/et_pb_row][\/et_pb_section][et_pb_section fb_built=\u00a0\u00bb1&Prime; prev_background_color=\u00a0\u00bb#ffffff\u00a0\u00bb _builder_version=\u00a0\u00bb4.17.6&Prime; _module_preset=\u00a0\u00bbdefault\u00a0\u00bb background_color=\u00a0\u00bbgcid-53f6a71c-fadb-40f0-9a95-40dc81a1989f\u00a0\u00bb top_divider_style=\u00a0\u00bbwaves2&Prime; global_colors_info=\u00a0\u00bb{%22gcid-53f6a71c-fadb-40f0-9a95-40dc81a1989f%22:%91%22background_color%22%93}\u00a0\u00bb][et_pb_row column_structure=\u00a0\u00bb1_2,1_2&Prime; _builder_version=\u00a0\u00bb4.17.6&Prime; _module_preset=\u00a0\u00bbdefault\u00a0\u00bb custom_margin=\u00a0\u00bb50px||||false|false\u00a0\u00bb custom_padding=\u00a0\u00bb||||false|false\u00a0\u00bb global_colors_info=\u00a0\u00bb{}\u00a0\u00bb][et_pb_column type=\u00a0\u00bb1_2&Prime; _builder_version=\u00a0\u00bb4.17.6&Prime; _module_preset=\u00a0\u00bbdefault\u00a0\u00bb global_colors_info=\u00a0\u00bb{}\u00a0\u00bb][et_pb_text _builder_version=\u00a0\u00bb4.17.6&Prime; _module_preset=\u00a0\u00bbdefault\u00a0\u00bb text_text_color=\u00a0\u00bbgcid-53f6a71c-fadb-40f0-9a95-40dc81a1989f\u00a0\u00bb text_line_height=\u00a0\u00bb1em\u00a0\u00bb header_2_font=\u00a0\u00bbAlata||||||||\u00a0\u00bb header_2_text_color=\u00a0\u00bbgcid-46d41c9e-788d-4b4a-9347-e517030fd73e\u00a0\u00bb header_2_font_size=\u00a0\u00bb32px\u00a0\u00bb header_4_font=\u00a0\u00bb||||||||\u00a0\u00bb header_4_text_color=\u00a0\u00bbgcid-7126f92a-8412-4427-8e4d-cd4026bd13cc\u00a0\u00bb global_colors_info=\u00a0\u00bb{%22gcid-53f6a71c-fadb-40f0-9a95-40dc81a1989f%22:%91%22text_text_color%22%93,%22gcid-7126f92a-8412-4427-8e4d-cd4026bd13cc%22:%91%22header_4_text_color%22%93,%22gcid-46d41c9e-788d-4b4a-9347-e517030fd73e%22:%91%22header_2_text_color%22%93}\u00a0\u00bb]<h2 style=\"text-align: left;\">O\u00f9 nous trouver ?<\/h2>[\/et_pb_text][et_pb_text _builder_version=\u00a0\u00bb4.17.6&Prime; _module_preset=\u00a0\u00bbdefault\u00a0\u00bb text_text_color=\u00a0\u00bb#FFFFFF\u00a0\u00bb text_line_height=\u00a0\u00bb1em\u00a0\u00bb header_2_font=\u00a0\u00bbAlata||||||||\u00a0\u00bb header_2_text_color=\u00a0\u00bbgcid-2e8c7558-5bf9-4446-839f-9dbccf77094f\u00a0\u00bb header_2_font_size=\u00a0\u00bb32px\u00a0\u00bb header_4_font=\u00a0\u00bb||||||||\u00a0\u00bb header_4_text_color=\u00a0\u00bbgcid-7126f92a-8412-4427-8e4d-cd4026bd13cc\u00a0\u00bb global_colors_info=\u00a0\u00bb{%22gcid-2e8c7558-5bf9-4446-839f-9dbccf77094f%22:%91%22header_2_text_color%22%93,%22gcid-7126f92a-8412-4427-8e4d-cd4026bd13cc%22:%91%22header_4_text_color%22%93}\u00a0\u00bb]<p>T\u00e9l\u00e9phone du secr\u00e9tariat : 05.61.70.94.44<\/p>\n<p>Notre secr\u00e9tariat est ouvert du lundi au vendredi de 14h \u00e0 18h (hors p\u00e9riode de vacances scolaires).<\/p>\n<p>Nos cours se d\u00e9roulent au :<\/p>\n<p>Centre Alain Savary<br \/>8 rue des \u00e9coles<br \/>31140 Aucamville<\/p>\n<p>Vous souhaitez nous envoyer un courrier ? Voici notre adresse postale :<\/p>\n<p>Ecole de Musique d&rsquo;Aucamville<br \/>Mairie d&rsquo;Aucamville<br \/>CS 80213<br \/>31142 SAINT-ALBAN Cedex<\/p>\n<p>&nbsp;<\/p>[\/et_pb_text][\/et_pb_column][et_pb_column type=\u00a0\u00bb1_2&Prime; _builder_version=\u00a0\u00bb4.17.6&Prime; _module_preset=\u00a0\u00bbdefault\u00a0\u00bb global_colors_info=\u00a0\u00bb{}\u00a0\u00bb][et_pb_image src=\u00a0\u00bbhttp:\/\/ecolemusiqueaucamville.fr\/wp-content\/uploads\/2022\/07\/Capture-decran-2022-07-28-a-18.34.42.png\u00a0\u00bb title_text=\u00a0\u00bbCapture d\u2019\u00e9cran 2022-07-28 \u00e0 18.34.42&Prime; _builder_version=\u00a0\u00bb4.17.6&Prime; _module_preset=\u00a0\u00bbdefault\u00a0\u00bb global_colors_info=\u00a0\u00bb{}\u00a0\u00bb][\/et_pb_image][\/et_pb_column][\/et_pb_row][\/et_pb_section]\n","protected":false},"excerpt":{"rendered":"<p>Les tarifs&nbsp; L&rsquo;\u00e9cole propose \u00e9galement de prendre\u00a03\/4 h ou 1 h de cours individuel ainsi que des ateliers de pratique collective (Rock, Jazz, Vari\u00e9t\u00e9, Traditionnel, Orchestre). Merci de nous contacter pour davantage de pr\u00e9cisions et pour connaitre les tarifs. L&rsquo;\u00e9cole accepte les paiements en ch\u00e8ques vacances ET LES PASS CULTURE DE LA MAIRIE D AUCAMVILLE [&hellip;]<\/p>\n","protected":false},"author":1,"featured_media":0,"parent":0,"menu_order":0,"comment_status":"closed","ping_status":"closed","template":"","meta":{"_et_pb_use_builder":"on","_et_pb_old_content":"<!-- wp:divi\/placeholder \/-->","_et_gb_content_width":"","footnotes":""},"class_list":["post-30","page","type-page","status-publish","hentry"],"_links":{"self":[{"href":"https:\/\/ecolemusiqueaucamville.fr\/index.php\/wp-json\/wp\/v2\/pages\/30","targetHints":{"allow":["GET"]}}],"collection":[{"href":"https:\/\/ecolemusiqueaucamville.fr\/index.php\/wp-json\/wp\/v2\/pages"}],"about":[{"href":"https:\/\/ecolemusiqueaucamville.fr\/index.php\/wp-json\/wp\/v2\/types\/page"}],"author":[{"embeddable":true,"href":"https:\/\/ecolemusiqueaucamville.fr\/index.php\/wp-json\/wp\/v2\/users\/1"}],"replies":[{"embeddable":true,"href":"https:\/\/ecolemusiqueaucamville.fr\/index.php\/wp-json\/wp\/v2\/comments?post=30"}],"version-history":[{"count":27,"href":"https:\/\/ecolemusiqueaucamville.fr\/index.php\/wp-json\/wp\/v2\/pages\/30\/revisions"}],"predecessor-version":[{"id":486,"href":"https:\/\/ecolemusiqueaucamville.fr\/index.php\/wp-json\/wp\/v2\/pages\/30\/revisions\/486"}],"wp:attachment":[{"href":"https:\/\/ecolemusiqueaucamville.fr\/index.php\/wp-json\/wp\/v2\/media?parent=30"}],"curies":[{"name":"wp","href":"https:\/\/api.w.org\/{rel}","templated":true}]}}

[et_pb_section fb_built= »1&Prime; _builder_version= »4.17.6&Prime; _module_preset= »default » background_image= »http://ecolemusiqueaucamville.fr/wp-content/uploads/2022/07/hosein-zanbori-wvbOWcIDuYg-unsplash-scaled.jpg » min_height= »365px » global_colors_info= »{} »][et_pb_row _builder_version= »4.17.6&Prime; _module_preset= »default » custom_padding= »4vw||||false|false » global_colors_info= »{} »][et_pb_column type= »4_4&Prime; _builder_version= »4.17.6&Prime; _module_preset= »default » global_colors_info= »{} »][et_pb_text _builder_version= »4.17.6&Prime; _module_preset= »default » header_font= »|700||on||||| » header_text_align= »center » header_text_color= »#FFFFFF » header_font_size= »46px » header_text_shadow_style= »preset3&Prime; global_colors_info= »{} »]<h1>Les tarifs</h1>[/et_pb_text][/et_pb_column][/et_pb_row][/et_pb_section][et_pb_section fb_built= »1&Prime; _builder_version= »4.17.6&Prime; _module_preset= »default » global_colors_info= »{} »][et_pb_row _builder_version= »4.17.6&Prime; _module_preset= »default » custom_margin= »|auto|28px|auto|| » global_colors_info= »{} »][et_pb_column type= »4_4&Prime; _builder_version= »4.17.6&Prime; _module_preset= »default » global_colors_info= »{} »][et_pb_text _builder_version= »4.17.6&Prime; _module_preset= »default » text_text_color= »gcid-53f6a71c-fadb-40f0-9a95-40dc81a1989f » text_line_height= »1.6em » header_2_font= »Alata|||||||| » header_2_text_color= »gcid-46d41c9e-788d-4b4a-9347-e517030fd73e » header_2_font_size= »32px » header_4_font= »|||||||| » header_4_text_color= »gcid-7126f92a-8412-4427-8e4d-cd4026bd13cc » inline_fonts= »Doppio One » global_colors_info= »{%22gcid-53f6a71c-fadb-40f0-9a95-40dc81a1989f%22:%91%22text_text_color%22%93,%22gcid-7126f92a-8412-4427-8e4d-cd4026bd13cc%22:%91%22header_4_text_color%22%93,%22gcid-46d41c9e-788d-4b4a-9347-e517030fd73e%22:%91%22header_2_text_color%22%93} »]<p>&nbsp;</p>
<p><span>L&rsquo;école propose également de prendre 3/4 h ou 1 h de cours individuel ainsi que des ateliers de pratique collective (Rock, Jazz, Variété, Traditionnel, Orchestre). Merci de nous contacter pour davantage de précisions et pour connaitre les tarifs.</span></p>
<p><span></span></p>
<p><span>L&rsquo;école accepte les paiements en chèques vacances ET LES PASS CULTURE DE LA MAIRIE D AUCAMVILLE !</span></p>
<p><span></span></p>
<p style="text-align: center;"><span style="font-size: large;"><strong>Tarifs ci dessous &#8211; cliquez sur l&rsquo;image pour obtenir le document en pdf</strong></span><span></span></p>
<p><span></span></p>
<p><span></span></p>[/et_pb_text][/et_pb_column][/et_pb_row][et_pb_row _builder_version= »4.17.6&Prime; _module_preset= »default » background_image= »http://ecolemusiqueaucamville.fr/wp-content/uploads/2026/08/Image-tarifs-pour-site-pge-TARIFS.png » min_height= »1574px » custom_margin= »|auto|28px|auto|| » custom_padding= »||497px||| » link_option_url= »https://drive.google.com/file/d/1JeDewgZbxxpuRMvl_nQmTyO5LnZ2oHX-/view?usp=sharing » global_colors_info= »{} »][et_pb_column type= »4_4&Prime; _builder_version= »4.17.6&Prime; _module_preset= »default » global_colors_info= »{} »][/et_pb_column][/et_pb_row][/et_pb_section][et_pb_section fb_built= »1&Prime; prev_background_color= »#ffffff » _builder_version= »4.17.6&Prime; _module_preset= »default » background_color= »gcid-53f6a71c-fadb-40f0-9a95-40dc81a1989f » top_divider_style= »waves2&Prime; global_colors_info= »{%22gcid-53f6a71c-fadb-40f0-9a95-40dc81a1989f%22:%91%22background_color%22%93} »][et_pb_row column_structure= »1_2,1_2&Prime; _builder_version= »4.17.6&Prime; _module_preset= »default » custom_margin= »50px||||false|false » custom_padding= »||||false|false » global_colors_info= »{} »][et_pb_column type= »1_2&Prime; _builder_version= »4.17.6&Prime; _module_preset= »default » global_colors_info= »{} »][et_pb_text _builder_version= »4.17.6&Prime; _module_preset= »default » text_text_color= »gcid-53f6a71c-fadb-40f0-9a95-40dc81a1989f » text_line_height= »1em » header_2_font= »Alata|||||||| » header_2_text_color= »gcid-46d41c9e-788d-4b4a-9347-e517030fd73e » header_2_font_size= »32px » header_4_font= »|||||||| » header_4_text_color= »gcid-7126f92a-8412-4427-8e4d-cd4026bd13cc » global_colors_info= »{%22gcid-53f6a71c-fadb-40f0-9a95-40dc81a1989f%22:%91%22text_text_color%22%93,%22gcid-7126f92a-8412-4427-8e4d-cd4026bd13cc%22:%91%22header_4_text_color%22%93,%22gcid-46d41c9e-788d-4b4a-9347-e517030fd73e%22:%91%22header_2_text_color%22%93} »]<h2 style="text-align: left;">Où nous trouver ?</h2>[/et_pb_text][et_pb_text _builder_version= »4.17.6&Prime; _module_preset= »default » text_text_color= »#FFFFFF » text_line_height= »1em » header_2_font= »Alata|||||||| » header_2_text_color= »gcid-2e8c7558-5bf9-4446-839f-9dbccf77094f » header_2_font_size= »32px » header_4_font= »|||||||| » header_4_text_color= »gcid-7126f92a-8412-4427-8e4d-cd4026bd13cc » global_colors_info= »{%22gcid-2e8c7558-5bf9-4446-839f-9dbccf77094f%22:%91%22header_2_text_color%22%93,%22gcid-7126f92a-8412-4427-8e4d-cd4026bd13cc%22:%91%22header_4_text_color%22%93} »]<p>Téléphone du secrétariat : 05.61.70.94.44</p>
<p>Notre secrétariat est ouvert du lundi au vendredi de 14h à 18h (hors période de vacances scolaires).</p>
<p>Nos cours se déroulent au :</p>
<p>Centre Alain Savary<br />8 rue des écoles<br />31140 Aucamville</p>
<p>Vous souhaitez nous envoyer un courrier ? Voici notre adresse postale :</p>
<p>Ecole de Musique d&rsquo;Aucamville<br />Mairie d&rsquo;Aucamville<br />CS 80213<br />31142 SAINT-ALBAN Cedex</p>
<p>&nbsp;</p>[/et_pb_text][/et_pb_column][et_pb_column type= »1_2&Prime; _builder_version= »4.17.6&Prime; _module_preset= »default » global_colors_info= »{} »][et_pb_image src= »http://ecolemusiqueaucamville.fr/wp-content/uploads/2022/07/Capture-decran-2022-07-28-a-18.34.42.png » title_text= »Capture d’écran 2022-07-28 à 18.34.42&Prime; _builder_version= »4.17.6&Prime; _module_preset= »default » global_colors_info= »{} »][/et_pb_image][/et_pb_column][/et_pb_row][/et_pb_section]

<p>Les tarifs&nbsp; L&rsquo;école propose également de prendre 3/4 h ou 1 h de cours individuel ainsi que des ateliers de pratique collective (Rock, Jazz, Variété, Traditionnel, Orchestre). Merci de nous contacter pour davantage de précisions et pour connaitre les tarifs. L&rsquo;école accepte les paiements en chèques vacances ET LES PASS CULTURE DE LA MAIRIE D AUCAMVILLE [&hellip;]</p>
