{"id":30,"date":"2022-07-28T10:51:58","date_gmt":"2022-07-28T08:51:58","guid":{"rendered":"http:\/\/ecolemusiqueaucamville.fr\/?page_id=30"},"modified":"2025-08-25T16:45:46","modified_gmt":"2025-08-25T14:45:46","slug":"les-tarifs","status":"publish","type":"page","link":"https:\/\/ecolemusiqueaucamville.fr\/index.php\/les-tarifs\/","title":{"rendered":"Les tarifs"},"content":{"rendered":"<p>[et_pb_section fb_built=\u00a0\u00bb1&Prime; _builder_version=\u00a0\u00bb4.17.6&Prime; _module_preset=\u00a0\u00bbdefault\u00a0\u00bb background_image=\u00a0\u00bbhttp:\/\/ecolemusiqueaucamville.fr\/wp-content\/uploads\/2022\/07\/hosein-zanbori-wvbOWcIDuYg-unsplash-scaled.jpg\u00a0\u00bb min_height=\u00a0\u00bb365px\u00a0\u00bb global_colors_info=\u00a0\u00bb{}\u00a0\u00bb][et_pb_row _builder_version=\u00a0\u00bb4.17.6&Prime; _module_preset=\u00a0\u00bbdefault\u00a0\u00bb custom_padding=\u00a0\u00bb4vw||||false|false\u00a0\u00bb global_colors_info=\u00a0\u00bb{}\u00a0\u00bb][et_pb_column type=\u00a0\u00bb4_4&Prime; _builder_version=\u00a0\u00bb4.17.6&Prime; _module_preset=\u00a0\u00bbdefault\u00a0\u00bb global_colors_info=\u00a0\u00bb{}\u00a0\u00bb][et_pb_text _builder_version=\u00a0\u00bb4.17.6&Prime; _module_preset=\u00a0\u00bbdefault\u00a0\u00bb header_font=\u00a0\u00bb|700||on|||||\u00a0\u00bb header_text_align=\u00a0\u00bbcenter\u00a0\u00bb header_text_color=\u00a0\u00bb#FFFFFF\u00a0\u00bb header_font_size=\u00a0\u00bb46px\u00a0\u00bb header_text_shadow_style=\u00a0\u00bbpreset3&Prime; global_colors_info=\u00a0\u00bb{}\u00a0\u00bb]<\/p>\n<h1>Les tarifs<\/h1>\n<p>[\/et_pb_text][\/et_pb_column][\/et_pb_row][\/et_pb_section][et_pb_section fb_built=\u00a0\u00bb1&Prime; _builder_version=\u00a0\u00bb4.17.6&Prime; _module_preset=\u00a0\u00bbdefault\u00a0\u00bb global_colors_info=\u00a0\u00bb{}\u00a0\u00bb][et_pb_row _builder_version=\u00a0\u00bb4.17.6&Prime; _module_preset=\u00a0\u00bbdefault\u00a0\u00bb custom_margin=\u00a0\u00bb|auto|28px|auto||\u00a0\u00bb global_colors_info=\u00a0\u00bb{}\u00a0\u00bb][et_pb_column type=\u00a0\u00bb4_4&Prime; _builder_version=\u00a0\u00bb4.17.6&Prime; _module_preset=\u00a0\u00bbdefault\u00a0\u00bb global_colors_info=\u00a0\u00bb{}\u00a0\u00bb][et_pb_text _builder_version=\u00a0\u00bb4.17.6&Prime; _module_preset=\u00a0\u00bbdefault\u00a0\u00bb text_text_color=\u00a0\u00bbgcid-53f6a71c-fadb-40f0-9a95-40dc81a1989f\u00a0\u00bb text_line_height=\u00a0\u00bb1.6em\u00a0\u00bb header_2_font=\u00a0\u00bbAlata||||||||\u00a0\u00bb header_2_text_color=\u00a0\u00bbgcid-46d41c9e-788d-4b4a-9347-e517030fd73e\u00a0\u00bb header_2_font_size=\u00a0\u00bb32px\u00a0\u00bb header_4_font=\u00a0\u00bb||||||||\u00a0\u00bb header_4_text_color=\u00a0\u00bbgcid-7126f92a-8412-4427-8e4d-cd4026bd13cc\u00a0\u00bb inline_fonts=\u00a0\u00bbDoppio One\u00a0\u00bb global_colors_info=\u00a0\u00bb{%22gcid-53f6a71c-fadb-40f0-9a95-40dc81a1989f%22:%91%22text_text_color%22%93,%22gcid-7126f92a-8412-4427-8e4d-cd4026bd13cc%22:%91%22header_4_text_color%22%93,%22gcid-46d41c9e-788d-4b4a-9347-e517030fd73e%22:%91%22header_2_text_color%22%93}\u00a0\u00bb]<\/p>\n<p>&nbsp;<\/p>\n<p><span>L&rsquo;\u00e9cole propose \u00e9galement de prendre\u00a03\/4 h ou 1 h de cours individuel ainsi que des ateliers de pratique collective (Rock, Jazz, Vari\u00e9t\u00e9, Traditionnel, Orchestre). Merci de nous contacter pour davantages de pr\u00e9cisions et pour connaitre les tarifs.<\/span><\/p>\n<p><span><\/span><\/p>\n<p><span>L&rsquo;\u00e9cole accepte les paiements en ch\u00e8ques vacances !<\/span><\/p>\n<p style=\"text-align: center;\">\n<p><span><\/span><\/p>\n<p>[\/et_pb_text][\/et_pb_column][\/et_pb_row][et_pb_row column_structure=\u00a0\u00bb1_3,1_3,1_3&Prime; _builder_version=\u00a0\u00bb4.17.6&Prime; _module_preset=\u00a0\u00bbdefault\u00a0\u00bb global_colors_info=\u00a0\u00bb{}\u00a0\u00bb][et_pb_column type=\u00a0\u00bb1_3&Prime; _builder_version=\u00a0\u00bb4.17.6&Prime; _module_preset=\u00a0\u00bbdefault\u00a0\u00bb global_colors_info=\u00a0\u00bb{}\u00a0\u00bb][et_pb_text _builder_version=\u00a0\u00bb4.17.6&Prime; _module_preset=\u00a0\u00bbdefault\u00a0\u00bb text_text_color=\u00a0\u00bb#FFFFFF\u00a0\u00bb header_3_text_color=\u00a0\u00bb#FFFFFF\u00a0\u00bb header_5_text_color=\u00a0\u00bb#FFFFFF\u00a0\u00bb background_color=\u00a0\u00bbgcid-0daef5f4-e3f8-431a-9038-ec681a49d06b\u00a0\u00bb custom_margin=\u00a0\u00bb||||true|false\u00a0\u00bb custom_padding=\u00a0\u00bb50px|24px|50px|24px|true|true\u00a0\u00bb border_radii=\u00a0\u00bbon|7px|7px|7px|7px\u00a0\u00bb global_colors_info=\u00a0\u00bb{%22gcid-0daef5f4-e3f8-431a-9038-ec681a49d06b%22:%91%22background_color%22%93}\u00a0\u00bb]<\/p>\n<h3 style=\"text-align: left;\"><span>Le Forfait<\/span><\/h3>\n<p><em><span>Formation Musicale + 1\/2 h cours individuel hebdomadaire (Adh\u00e9sion Incluse)<\/span><\/em><\/p>\n<p><span>Aucamvillois : 610 \u20ac pour la saison<\/span><br \/><span>Ext\u00e9rieurs : 795 \u20ac pour la saison<\/span><\/p>\n<p>[\/et_pb_text][\/et_pb_column][et_pb_column type=\u00a0\u00bb1_3&Prime; _builder_version=\u00a0\u00bb4.17.6&Prime; _module_preset=\u00a0\u00bbdefault\u00a0\u00bb global_colors_info=\u00a0\u00bb{}\u00a0\u00bb][et_pb_text _builder_version=\u00a0\u00bb4.17.6&Prime; _module_preset=\u00a0\u00bbdefault\u00a0\u00bb text_text_color=\u00a0\u00bb#FFFFFF\u00a0\u00bb header_3_text_color=\u00a0\u00bb#FFFFFF\u00a0\u00bb header_5_text_color=\u00a0\u00bb#FFFFFF\u00a0\u00bb background_color=\u00a0\u00bbgcid-2e8c7558-5bf9-4446-839f-9dbccf77094f\u00a0\u00bb custom_margin=\u00a0\u00bb||||true|false\u00a0\u00bb custom_padding=\u00a0\u00bb50px|14px|50px|24px|true|false\u00a0\u00bb border_radii=\u00a0\u00bbon|7px|7px|7px|7px\u00a0\u00bb global_colors_info=\u00a0\u00bb{%22gcid-2e8c7558-5bf9-4446-839f-9dbccf77094f%22:%91%22background_color%22%93}\u00a0\u00bb]<\/p>\n<h3 style=\"text-align: left;\"><span>Atelier pratique instrumentale<\/span><\/h3>\n<p><em> <span>Atlier Rock, Orchestre et Electronique, 1 h hebdomadaire (Adh\u00e9sion incluse)<\/span><\/em><\/p>\n<p><span>Aucamvillois : 215 \u20ac pour la saison<\/span><br \/><span>Ext\u00e9rieurs : 280 \u20ac pour la saison<\/span><\/p>\n<p>[\/et_pb_text][\/et_pb_column][et_pb_column type=\u00a0\u00bb1_3&Prime; _builder_version=\u00a0\u00bb4.17.6&Prime; _module_preset=\u00a0\u00bbdefault\u00a0\u00bb global_colors_info=\u00a0\u00bb{}\u00a0\u00bb][et_pb_text _builder_version=\u00a0\u00bb4.17.6&Prime; _module_preset=\u00a0\u00bbdefault\u00a0\u00bb text_text_color=\u00a0\u00bb#FFFFFF\u00a0\u00bb header_3_text_color=\u00a0\u00bb#FFFFFF\u00a0\u00bb header_5_font=\u00a0\u00bb|300|||||||\u00a0\u00bb header_5_text_color=\u00a0\u00bb#FFFFFF\u00a0\u00bb header_5_font_size=\u00a0\u00bb13px\u00a0\u00bb header_5_line_height=\u00a0\u00bb1.2em\u00a0\u00bb background_color=\u00a0\u00bbgcid-7126f92a-8412-4427-8e4d-cd4026bd13cc\u00a0\u00bb custom_margin=\u00a0\u00bb||||true|false\u00a0\u00bb custom_padding=\u00a0\u00bb50px|24px|50px|24px|true|true\u00a0\u00bb border_radii=\u00a0\u00bbon|7px|7px|7px|7px\u00a0\u00bb global_colors_info=\u00a0\u00bb{%22gcid-7126f92a-8412-4427-8e4d-cd4026bd13cc%22:%91%22background_color%22%93}\u00a0\u00bb]<\/p>\n<h3 style=\"text-align: left;\"><span>Adh\u00e9sions annuelle :<\/span><\/h3>\n<p><span>20 \u20ac par adh\u00e9rent<\/span><br \/><span><\/span><\/p>\n<h5><\/h5>\n<h5><\/h5>\n<h5>Nous vous rappelons que l&rsquo;engagement est ANNUEL.<\/h5>\n<p>[\/et_pb_text][\/et_pb_column][\/et_pb_row][et_pb_row column_structure=\u00a0\u00bb1_3,1_3,1_3&Prime; _builder_version=\u00a0\u00bb4.17.6&Prime; _module_preset=\u00a0\u00bbdefault\u00a0\u00bb custom_margin=\u00a0\u00bb||40px||false|false\u00a0\u00bb global_colors_info=\u00a0\u00bb{}\u00a0\u00bb][et_pb_column type=\u00a0\u00bb1_3&Prime; _builder_version=\u00a0\u00bb4.17.6&Prime; _module_preset=\u00a0\u00bbdefault\u00a0\u00bb global_colors_info=\u00a0\u00bb{}\u00a0\u00bb][et_pb_text _builder_version=\u00a0\u00bb4.17.6&Prime; _module_preset=\u00a0\u00bbdefault\u00a0\u00bb text_text_color=\u00a0\u00bb#FFFFFF\u00a0\u00bb header_3_text_color=\u00a0\u00bb#FFFFFF\u00a0\u00bb header_5_text_color=\u00a0\u00bb#FFFFFF\u00a0\u00bb background_color=\u00a0\u00bbgcid-7126f92a-8412-4427-8e4d-cd4026bd13cc\u00a0\u00bb custom_margin=\u00a0\u00bb||||true|false\u00a0\u00bb custom_padding=\u00a0\u00bb50px|24px|50px|24px|true|true\u00a0\u00bb border_radii=\u00a0\u00bbon|7px|7px|7px|7px\u00a0\u00bb global_colors_info=\u00a0\u00bb{%22gcid-7126f92a-8412-4427-8e4d-cd4026bd13cc%22:%91%22background_color%22%93}\u00a0\u00bb]<\/p>\n<h3 style=\"text-align: left;\">Eveil Musical<\/h3>\n<p><em>3\/4 heure en cours collectif hebdomadaire<\/em><\/p>\n<p><span>Aucamvillois : \u00a0310 \u20ac pour la saison<\/span><br \/><span>Ext\u00e9rieurs : 405 \u20ac pour la saison<\/span><\/p>\n<p>[\/et_pb_text][et_pb_text _builder_version=\u00a0\u00bb4.17.6&Prime; _module_preset=\u00a0\u00bbdefault\u00a0\u00bb text_text_color=\u00a0\u00bb#FFFFFF\u00a0\u00bb header_3_text_color=\u00a0\u00bb#FFFFFF\u00a0\u00bb header_5_text_color=\u00a0\u00bb#FFFFFF\u00a0\u00bb background_color=\u00a0\u00bbgcid-7126f92a-8412-4427-8e4d-cd4026bd13cc\u00a0\u00bb custom_margin=\u00a0\u00bb||||true|false\u00a0\u00bb custom_padding=\u00a0\u00bb50px|24px|50px|24px|true|true\u00a0\u00bb border_radii=\u00a0\u00bbon|7px|7px|7px|7px\u00a0\u00bb global_colors_info=\u00a0\u00bb{%22gcid-7126f92a-8412-4427-8e4d-cd4026bd13cc%22:%91%22background_color%22%93}\u00a0\u00bb][\/et_pb_text][\/et_pb_column][et_pb_column type=\u00a0\u00bb1_3&Prime; _builder_version=\u00a0\u00bb4.17.6&Prime; _module_preset=\u00a0\u00bbdefault\u00a0\u00bb global_colors_info=\u00a0\u00bb{}\u00a0\u00bb][et_pb_text _builder_version=\u00a0\u00bb4.17.6&Prime; _module_preset=\u00a0\u00bbdefault\u00a0\u00bb text_text_color=\u00a0\u00bb#FFFFFF\u00a0\u00bb header_3_text_color=\u00a0\u00bb#FFFFFF\u00a0\u00bb header_5_text_color=\u00a0\u00bb#FFFFFF\u00a0\u00bb background_color=\u00a0\u00bbgcid-53f6a71c-fadb-40f0-9a95-40dc81a1989f\u00a0\u00bb custom_margin=\u00a0\u00bb||||true|false\u00a0\u00bb custom_padding=\u00a0\u00bb50px|24px|50px|24px|true|true\u00a0\u00bb border_radii=\u00a0\u00bbon|7px|7px|7px|7px\u00a0\u00bb global_colors_info=\u00a0\u00bb{%22gcid-53f6a71c-fadb-40f0-9a95-40dc81a1989f%22:%91%22background_color%22%93}\u00a0\u00bb]<\/p>\n<h3 style=\"text-align: left;\"><span>Atelier Chant vari\u00e9t\u00e9<\/span><\/h3>\n<p><em> 1 heure hebdomadaire<\/em><\/p>\n<p><span>Aucamvillois : 410 \u20ac pour la saison<\/span><br \/><span>Ext\u00e9rieurs : 535 \u20ac pour la saison<\/span><\/p>\n<p>[\/et_pb_text][\/et_pb_column][et_pb_column type=\u00a0\u00bb1_3&Prime; _builder_version=\u00a0\u00bb4.17.6&Prime; _module_preset=\u00a0\u00bbdefault\u00a0\u00bb global_colors_info=\u00a0\u00bb{}\u00a0\u00bb][et_pb_text _builder_version=\u00a0\u00bb4.17.6&Prime; _module_preset=\u00a0\u00bbdefault\u00a0\u00bb text_text_color=\u00a0\u00bb#FFFFFF\u00a0\u00bb header_3_text_color=\u00a0\u00bb#FFFFFF\u00a0\u00bb header_5_text_color=\u00a0\u00bb#FFFFFF\u00a0\u00bb background_color=\u00a0\u00bbgcid-2e8c7558-5bf9-4446-839f-9dbccf77094f\u00a0\u00bb custom_margin=\u00a0\u00bb||||true|false\u00a0\u00bb custom_padding=\u00a0\u00bb50px|24px|50px|24px|true|true\u00a0\u00bb border_radii=\u00a0\u00bbon|7px|7px|7px|7px\u00a0\u00bb global_colors_info=\u00a0\u00bb{%22gcid-2e8c7558-5bf9-4446-839f-9dbccf77094f%22:%91%22background_color%22%93}\u00a0\u00bb]<\/p>\n<h3 style=\"text-align: left;\"><span>Formation Musicale seule<\/span><\/h3>\n<p>&nbsp;<\/p>\n<p><span>Aucamvillois :\u00a0 215 \u20ac pour la saison<\/span><br \/><span>Ext\u00e9rieurs : 280 \u20ac pour la saison<\/span><\/p>\n<p>[\/et_pb_text][\/et_pb_column][\/et_pb_row][\/et_pb_section][et_pb_section fb_built=\u00a0\u00bb1&Prime; prev_background_color=\u00a0\u00bb#ffffff\u00a0\u00bb _builder_version=\u00a0\u00bb4.17.6&Prime; _module_preset=\u00a0\u00bbdefault\u00a0\u00bb background_color=\u00a0\u00bbgcid-53f6a71c-fadb-40f0-9a95-40dc81a1989f\u00a0\u00bb top_divider_style=\u00a0\u00bbwaves2&Prime; global_colors_info=\u00a0\u00bb{%22gcid-53f6a71c-fadb-40f0-9a95-40dc81a1989f%22:%91%22background_color%22%93}\u00a0\u00bb][et_pb_row column_structure=\u00a0\u00bb1_2,1_2&Prime; _builder_version=\u00a0\u00bb4.17.6&Prime; _module_preset=\u00a0\u00bbdefault\u00a0\u00bb custom_margin=\u00a0\u00bb50px||||false|false\u00a0\u00bb custom_padding=\u00a0\u00bb||||false|false\u00a0\u00bb global_colors_info=\u00a0\u00bb{}\u00a0\u00bb][et_pb_column type=\u00a0\u00bb1_2&Prime; _builder_version=\u00a0\u00bb4.17.6&Prime; _module_preset=\u00a0\u00bbdefault\u00a0\u00bb global_colors_info=\u00a0\u00bb{}\u00a0\u00bb][et_pb_text _builder_version=\u00a0\u00bb4.17.6&Prime; _module_preset=\u00a0\u00bbdefault\u00a0\u00bb text_text_color=\u00a0\u00bbgcid-53f6a71c-fadb-40f0-9a95-40dc81a1989f\u00a0\u00bb text_line_height=\u00a0\u00bb1em\u00a0\u00bb header_2_font=\u00a0\u00bbAlata||||||||\u00a0\u00bb header_2_text_color=\u00a0\u00bbgcid-46d41c9e-788d-4b4a-9347-e517030fd73e\u00a0\u00bb header_2_font_size=\u00a0\u00bb32px\u00a0\u00bb header_4_font=\u00a0\u00bb||||||||\u00a0\u00bb header_4_text_color=\u00a0\u00bbgcid-7126f92a-8412-4427-8e4d-cd4026bd13cc\u00a0\u00bb global_colors_info=\u00a0\u00bb{%22gcid-53f6a71c-fadb-40f0-9a95-40dc81a1989f%22:%91%22text_text_color%22%93,%22gcid-7126f92a-8412-4427-8e4d-cd4026bd13cc%22:%91%22header_4_text_color%22%93,%22gcid-46d41c9e-788d-4b4a-9347-e517030fd73e%22:%91%22header_2_text_color%22%93}\u00a0\u00bb]<\/p>\n<h2 style=\"text-align: left;\">O\u00f9 nous trouver ?<\/h2>\n<p>[\/et_pb_text][et_pb_text _builder_version=\u00a0\u00bb4.17.6&Prime; _module_preset=\u00a0\u00bbdefault\u00a0\u00bb text_text_color=\u00a0\u00bb#FFFFFF\u00a0\u00bb text_line_height=\u00a0\u00bb1em\u00a0\u00bb header_2_font=\u00a0\u00bbAlata||||||||\u00a0\u00bb header_2_text_color=\u00a0\u00bbgcid-2e8c7558-5bf9-4446-839f-9dbccf77094f\u00a0\u00bb header_2_font_size=\u00a0\u00bb32px\u00a0\u00bb header_4_font=\u00a0\u00bb||||||||\u00a0\u00bb header_4_text_color=\u00a0\u00bbgcid-7126f92a-8412-4427-8e4d-cd4026bd13cc\u00a0\u00bb global_colors_info=\u00a0\u00bb{%22gcid-2e8c7558-5bf9-4446-839f-9dbccf77094f%22:%91%22header_2_text_color%22%93,%22gcid-7126f92a-8412-4427-8e4d-cd4026bd13cc%22:%91%22header_4_text_color%22%93}\u00a0\u00bb]<\/p>\n<p>T\u00e9l\u00e9phone du secr\u00e9tariat : 05.61.70.94.44<\/p>\n<p>Notre secr\u00e9tariat est ouvert du lundi au vendredi de 14h \u00e0 18h (hors p\u00e9riode de vacances scolaires).<\/p>\n<p>Nos cours se d\u00e9roulent au :<\/p>\n<p>Centre Alain Savary<br \/>8 rue des \u00e9coles<br \/>31140 Aucamville<\/p>\n<p>Vous souhaitez nous envoyer un courrier ? Voici notre adresse postale :<\/p>\n<p>Ecole de Musique d&rsquo;Aucamville<br \/>Mairie d&rsquo;Aucamville<br \/>CS 80213<br \/>31142 SAINT-ALBAN Cedex<\/p>\n<p>&nbsp;<\/p>\n<p>[\/et_pb_text][\/et_pb_column][et_pb_column type=\u00a0\u00bb1_2&Prime; _builder_version=\u00a0\u00bb4.17.6&Prime; _module_preset=\u00a0\u00bbdefault\u00a0\u00bb global_colors_info=\u00a0\u00bb{}\u00a0\u00bb][et_pb_image src=\u00a0\u00bbhttp:\/\/ecolemusiqueaucamville.fr\/wp-content\/uploads\/2022\/07\/Capture-decran-2022-07-28-a-18.34.42.png\u00a0\u00bb title_text=\u00a0\u00bbCapture d\u2019\u00e9cran 2022-07-28 \u00e0 18.34.42&Prime; _builder_version=\u00a0\u00bb4.17.6&Prime; _module_preset=\u00a0\u00bbdefault\u00a0\u00bb global_colors_info=\u00a0\u00bb{}\u00a0\u00bb][\/et_pb_image][\/et_pb_column][\/et_pb_row][\/et_pb_section]<\/p>\n","protected":false},"excerpt":{"rendered":"<p>Les tarifs&nbsp; L&rsquo;\u00e9cole propose \u00e9galement de prendre\u00a03\/4 h ou 1 h de cours individuel ainsi que des ateliers de pratique collective (Rock, Jazz, Vari\u00e9t\u00e9, Traditionnel, Orchestre). Merci de nous contacter pour davantages de pr\u00e9cisions et pour connaitre les tarifs. L&rsquo;\u00e9cole accepte les paiements en ch\u00e8ques vacances ! Le Forfait Formation Musicale + 1\/2 h cours [&hellip;]<\/p>\n","protected":false},"author":1,"featured_media":0,"parent":0,"menu_order":0,"comment_status":"closed","ping_status":"closed","template":"","meta":{"_et_pb_use_builder":"on","_et_pb_old_content":"<!-- wp:divi\/placeholder \/-->","_et_gb_content_width":"","footnotes":""},"class_list":["post-30","page","type-page","status-publish","hentry"],"_links":{"self":[{"href":"https:\/\/ecolemusiqueaucamville.fr\/index.php\/wp-json\/wp\/v2\/pages\/30","targetHints":{"allow":["GET"]}}],"collection":[{"href":"https:\/\/ecolemusiqueaucamville.fr\/index.php\/wp-json\/wp\/v2\/pages"}],"about":[{"href":"https:\/\/ecolemusiqueaucamville.fr\/index.php\/wp-json\/wp\/v2\/types\/page"}],"author":[{"embeddable":true,"href":"https:\/\/ecolemusiqueaucamville.fr\/index.php\/wp-json\/wp\/v2\/users\/1"}],"replies":[{"embeddable":true,"href":"https:\/\/ecolemusiqueaucamville.fr\/index.php\/wp-json\/wp\/v2\/comments?post=30"}],"version-history":[{"count":20,"href":"https:\/\/ecolemusiqueaucamville.fr\/index.php\/wp-json\/wp\/v2\/pages\/30\/revisions"}],"predecessor-version":[{"id":431,"href":"https:\/\/ecolemusiqueaucamville.fr\/index.php\/wp-json\/wp\/v2\/pages\/30\/revisions\/431"}],"wp:attachment":[{"href":"https:\/\/ecolemusiqueaucamville.fr\/index.php\/wp-json\/wp\/v2\/media?parent=30"}],"curies":[{"name":"wp","href":"https:\/\/api.w.org\/{rel}","templated":true}]}}